{"id":823,"date":"2022-01-19T15:07:24","date_gmt":"2022-01-19T14:07:24","guid":{"rendered":"http:\/\/mettiamoliallaporta-isernia.it\/?page_id=823"},"modified":"2022-01-19T15:23:47","modified_gmt":"2022-01-19T14:23:47","slug":"centro-di-raccolta","status":"publish","type":"page","link":"http:\/\/mettiamoliallaporta-isernia.it\/?page_id=823","title":{"rendered":"Centro di Raccolta"},"content":{"rendered":"\n<p>Localit\u00e0 Tremolicci \u2013 Isernia<\/p>\n\n\n\n<p>Tel. 0865.290463 &#8211;&nbsp;<a href=\"mailto:isolaecologica1@hotmail.it\">isolaecologica1@hotmail.it<\/a><\/p>\n\n\n\n<p>Luned\u00ec e Venerd\u00ec ore 14:30-17:30<\/p>\n\n\n\n<p>Mercoled\u00ec e Sabato ore 9:00-12:00<\/p>\n\n\n\n<p><strong>Servizio prenotazione ritiro gratuito di ingombranti e RAEE a domicilio<\/strong><\/p>\n\n\n\n<p><strong>Manda un whatsapp al 335.7774275\u00a0(solo messaggi)<\/strong><\/p>\n","protected":false},"excerpt":{"rendered":"<p>Localit\u00e0 Tremolicci \u2013 Isernia Tel. 0865.290463 &#8211;&nbsp;isolaecologica1@hotmail.it Luned\u00ec e Venerd\u00ec ore 14:30-17:30 Mercoled\u00ec e Sabato ore 9:00-12:00 Servizio prenotazione ritiro gratuito di ingombranti e RAEE a domicilio Manda un whatsapp al 335.7774275\u00a0(solo messaggi)<\/p>\n","protected":false},"author":1313,"featured_media":0,"parent":0,"menu_order":0,"comment_status":"closed","ping_status":"closed","template":"","meta":{"footnotes":""},"_links":{"self":[{"href":"http:\/\/mettiamoliallaporta-isernia.it\/index.php?rest_route=\/wp\/v2\/pages\/823"}],"collection":[{"href":"http:\/\/mettiamoliallaporta-isernia.it\/index.php?rest_route=\/wp\/v2\/pages"}],"about":[{"href":"http:\/\/mettiamoliallaporta-isernia.it\/index.php?rest_route=\/wp\/v2\/types\/page"}],"author":[{"embeddable":true,"href":"http:\/\/mettiamoliallaporta-isernia.it\/index.php?rest_route=\/wp\/v2\/users\/1313"}],"replies":[{"embeddable":true,"href":"http:\/\/mettiamoliallaporta-isernia.it\/index.php?rest_route=%2Fwp%2Fv2%2Fcomments&post=823"}],"version-history":[{"count":1,"href":"http:\/\/mettiamoliallaporta-isernia.it\/index.php?rest_route=\/wp\/v2\/pages\/823\/revisions"}],"predecessor-version":[{"id":824,"href":"http:\/\/mettiamoliallaporta-isernia.it\/index.php?rest_route=\/wp\/v2\/pages\/823\/revisions\/824"}],"wp:attachment":[{"href":"http:\/\/mettiamoliallaporta-isernia.it\/index.php?rest_route=%2Fwp%2Fv2%2Fmedia&parent=823"}],"curies":[{"name":"wp","href":"https:\/\/api.w.org\/{rel}","templated":true}]}}